[INFO] cloning repository https://github.com/geomatsi/e.ziclean-cube
[INFO] running `Command { std: "git" "-c" "credential.helper=" "-c" "credential.helper=/workspace/cargo-home/bin/git-credential-null" "clone" "--bare" "https://github.com/geomatsi/e.ziclean-cube" "/workspace/cache/git-repos/https%3A%2F%2Fgithub.com%2Fgeomatsi%2Fe.ziclean-cube", kill_on_drop: false }`
[INFO] [stderr] Cloning into bare repository '/workspace/cache/git-repos/https%3A%2F%2Fgithub.com%2Fgeomatsi%2Fe.ziclean-cube'...
[INFO] running `Command { std: "git" "rev-parse" "HEAD", kill_on_drop: false }`
[INFO] [stdout] b9e0878fd80ce03f438821c7507d5ab9be17c4be
[INFO] checking geomatsi/e.ziclean-cube against master#af3c6e733a40e671550e0f0f5aeecaa13772ba56 for pr-74989
[INFO] running `Command { std: "git" "clone" "/workspace/cache/git-repos/https%3A%2F%2Fgithub.com%2Fgeomatsi%2Fe.ziclean-cube" "/workspace/builds/worker-12/source", kill_on_drop: false }`
[INFO] [stderr] Cloning into '/workspace/builds/worker-12/source'...
[INFO] [stderr] done.
[INFO] validating manifest of git repo https://github.com/geomatsi/e.ziclean-cube on toolchain af3c6e733a40e671550e0f0f5aeecaa13772ba56
[INFO] running `Command { std: "/workspace/cargo-home/bin/cargo" "+af3c6e733a40e671550e0f0f5aeecaa13772ba56" "read-manifest" "--manifest-path" "Cargo.toml", kill_on_drop: false }`
[INFO] removed /workspace/builds/worker-12/source/.cargo/config
[INFO] started tweaking git repo https://github.com/geomatsi/e.ziclean-cube
[INFO] removed 0 missing examples
[INFO] finished tweaking git repo https://github.com/geomatsi/e.ziclean-cube
[INFO] tweaked toml for git repo https://github.com/geomatsi/e.ziclean-cube written to /workspace/builds/worker-12/source/Cargo.toml
[INFO] running `Command { std: "/workspace/cargo-home/bin/cargo" "+af3c6e733a40e671550e0f0f5aeecaa13772ba56" "generate-lockfile" "--manifest-path" "Cargo.toml" "-Zno-index-update", kill_on_drop: false }`
[INFO] [stderr]     Blocking waiting for file lock on package cache
[INFO] running `Command { std: "/workspace/cargo-home/bin/cargo" "+af3c6e733a40e671550e0f0f5aeecaa13772ba56" "fetch" "--locked" "--manifest-path" "Cargo.toml", kill_on_drop: false }`
[INFO] [stderr]     Blocking waiting for file lock on package cache
[INFO] [stderr]     Blocking waiting for file lock on package cache
[INFO] running `Command { std: "docker" "create" "-v" "/var/lib/crater-agent-workspace/builds/worker-12/target:/opt/rustwide/target:rw,Z" "-v" "/var/lib/crater-agent-workspace/builds/worker-12/source:/opt/rustwide/workdir:ro,Z" "-v" "/var/lib/crater-agent-workspace/cargo-home:/opt/rustwide/cargo-home:ro,Z" "-v" "/var/lib/crater-agent-workspace/rustup-home:/opt/rustwide/rustup-home:ro,Z" "-e" "SOURCE_DIR=/opt/rustwide/workdir" "-e" "CARGO_TARGET_DIR=/opt/rustwide/target" "-e" "CARGO_HOME=/opt/rustwide/cargo-home" "-e" "RUSTUP_HOME=/opt/rustwide/rustup-home" "-w" "/opt/rustwide/workdir" "-m" "1610612736" "--user" "0:0" "--network" "none" "rustops/crates-build-env@sha256:d92eaeed33fa75130ca1ee6c8a01d1ffb62bac859dfdfb3450e3e5d1c0146529" "/opt/rustwide/cargo-home/bin/cargo" "+af3c6e733a40e671550e0f0f5aeecaa13772ba56" "metadata" "--no-deps" "--format-version=1", kill_on_drop: false }`
[INFO] [stdout] baecaff4bfca07a879c1ac29d0020ed34b501b9373a9c877d2ffffd861ab4d82
[INFO] [stderr] WARNING: Your kernel does not support swap limit capabilities or the cgroup is not mounted. Memory limited without swap.
[INFO] running `Command { std: "docker" "start" "-a" "baecaff4bfca07a879c1ac29d0020ed34b501b9373a9c877d2ffffd861ab4d82", kill_on_drop: false }`
[INFO] running `Command { std: "docker" "inspect" "baecaff4bfca07a879c1ac29d0020ed34b501b9373a9c877d2ffffd861ab4d82", kill_on_drop: false }`
[INFO] running `Command { std: "docker" "rm" "-f" "baecaff4bfca07a879c1ac29d0020ed34b501b9373a9c877d2ffffd861ab4d82", kill_on_drop: false }`
[INFO] [stdout] baecaff4bfca07a879c1ac29d0020ed34b501b9373a9c877d2ffffd861ab4d82
[INFO] running `Command { std: "docker" "create" "-v" "/var/lib/crater-agent-workspace/builds/worker-12/target:/opt/rustwide/target:rw,Z" "-v" "/var/lib/crater-agent-workspace/builds/worker-12/source:/opt/rustwide/workdir:ro,Z" "-v" "/var/lib/crater-agent-workspace/cargo-home:/opt/rustwide/cargo-home:ro,Z" "-v" "/var/lib/crater-agent-workspace/rustup-home:/opt/rustwide/rustup-home:ro,Z" "-e" "SOURCE_DIR=/opt/rustwide/workdir" "-e" "CARGO_TARGET_DIR=/opt/rustwide/target" "-e" "CARGO_INCREMENTAL=0" "-e" "RUST_BACKTRACE=full" "-e" "RUSTFLAGS=--cap-lints=forbid" "-e" "CARGO_HOME=/opt/rustwide/cargo-home" "-e" "RUSTUP_HOME=/opt/rustwide/rustup-home" "-w" "/opt/rustwide/workdir" "-m" "1610612736" "--user" "0:0" "--network" "none" "rustops/crates-build-env@sha256:d92eaeed33fa75130ca1ee6c8a01d1ffb62bac859dfdfb3450e3e5d1c0146529" "/opt/rustwide/cargo-home/bin/cargo" "+af3c6e733a40e671550e0f0f5aeecaa13772ba56" "check" "--frozen" "--all" "--all-targets" "--message-format=json", kill_on_drop: false }`
[INFO] [stderr] WARNING: Your kernel does not support swap limit capabilities or the cgroup is not mounted. Memory limited without swap.
[INFO] [stdout] 877e7d8adeca4e891fa2b6ca2d5da28e46d8b721dca7e61816313529f4a990f4
[INFO] running `Command { std: "docker" "start" "-a" "877e7d8adeca4e891fa2b6ca2d5da28e46d8b721dca7e61816313529f4a990f4", kill_on_drop: false }`
[INFO] [stderr]    Compiling typenum v1.12.0
[INFO] [stderr]    Compiling proc-macro2 v1.0.21
[INFO] [stderr]    Compiling cortex-m v0.6.3
[INFO] [stderr]     Checking stable_deref_trait v1.2.0
[INFO] [stderr]    Compiling syn v1.0.40
[INFO] [stderr]     Checking vcell v0.1.2
[INFO] [stderr]     Checking bitfield v0.13.2
[INFO] [stderr]    Compiling autocfg v1.0.1
[INFO] [stderr]     Checking nb v1.0.0
[INFO] [stderr]    Compiling byteorder v1.3.4
[INFO] [stderr]    Compiling cortex-m-rt v0.6.13
[INFO] [stderr]     Checking r0 v0.2.2
[INFO] [stderr]    Compiling hashbrown v0.9.0
[INFO] [stderr]    Compiling version_check v0.9.2
[INFO] [stderr]    Compiling stm32f1 v0.9.0
[INFO] [stderr]    Compiling heapless v0.5.5
[INFO] [stderr]     Checking volatile-register v0.2.0
[INFO] [stderr]    Compiling bare-metal v0.2.5
[INFO] [stderr]    Compiling cast v0.2.3
[INFO] [stderr]     Checking nb v0.1.3
[INFO] [stderr]     Checking embedded-hal v0.2.4
[INFO] [stderr]     Checking bitbang-hal v0.3.2
[INFO] [stderr]     Checking kxcj9 v0.2.0
[INFO] [stderr]    Compiling cortex-m-semihosting v0.3.5
[INFO] [stderr]    Compiling cortex-m-rtfm v0.5.3
[INFO] [stderr]    Compiling indexmap v1.6.0
[INFO] [stderr]     Checking hash32 v0.1.1
[INFO] [stderr]    Compiling quote v1.0.7
[INFO] [stderr]     Checking generic-array v0.13.2
[INFO] [stderr]     Checking generic-array v0.12.3
[INFO] [stderr]     Checking as-slice v0.1.3
[INFO] [stderr]     Checking aligned v0.3.4
[INFO] [stderr]     Checking panic-itm v0.4.1
[INFO] [stderr]     Checking panic-semihosting v0.5.3
[INFO] [stderr]    Compiling rtfm-syntax v0.4.0
[INFO] [stderr]    Compiling cortex-m-rt-macros v0.1.8
[INFO] [stderr]    Compiling cortex-m-rtfm-macros v0.5.1
[INFO] [stderr]     Checking stm32f1xx-hal v0.5.3
[INFO] [stderr]     Checking eziclean v0.1.0 (/opt/rustwide/workdir)
[INFO] [stdout] error[E0432]: unresolved import `rtfm::cyccnt`
[INFO] [stdout]  --> src/hw/poll_timer.rs:3:11
[INFO] [stdout]   |
[INFO] [stdout] 3 | use rtfm::cyccnt::Instant;
[INFO] [stdout]   |           ^^^^^^ could not find `cyccnt` in `rtfm`
[INFO] [stdout] 
[INFO] [stdout] 
[INFO] [stdout] error[E0432]: unresolved import `rtfm::cyccnt`
[INFO] [stdout]  --> src/hw/poll_timer.rs:3:11
[INFO] [stdout]   |
[INFO] [stdout] 3 | use rtfm::cyccnt::Instant;
[INFO] [stdout]   |           ^^^^^^ could not find `cyccnt` in `rtfm`
[INFO] [stdout] 
[INFO] [stdout] 
[INFO] [stdout] error: duplicate lang item in crate `panic_itm`: `panic_impl`.
[INFO] [stdout]   |
[INFO] [stdout]   = note: the lang item is first defined in crate `panic_semihosting`.
[INFO] [stdout]   = note: first definition in `panic_semihosting` loaded from /opt/rustwide/target/debug/deps/libpanic_semihosting-17106aec3a987273.rmeta
[INFO] [stdout]   = note: second definition in `panic_itm` loaded from /opt/rustwide/target/debug/deps/libpanic_itm-fd3fccb7da270ebd.rmeta
[INFO] [stdout] 
[INFO] [stdout] 
[INFO] [stdout] error: duplicate lang item in crate `panic_semihosting`: `panic_impl`.
[INFO] [stdout]   |
[INFO] [stdout]   = note: the lang item is first defined in crate `std` (which `test` depends on)
[INFO] [stdout]   = note: first definition in `std` loaded from /opt/rustwide/rustup-home/toolchains/af3c6e733a40e671550e0f0f5aeecaa13772ba56/lib/rustlib/x86_64-unknown-linux-gnu/lib/libstd-faa3fd6c69b73b7d.rlib
[INFO] [stdout]   = note: second definition in `panic_semihosting` loaded from /opt/rustwide/target/debug/deps/libpanic_semihosting-17106aec3a987273.rmeta
[INFO] [stdout] 
[INFO] [stdout] 
[INFO] [stdout] error: duplicate lang item in crate `panic_itm`: `panic_impl`.
[INFO] [stdout]   |
[INFO] [stdout]   = note: the lang item is first defined in crate `panic_semihosting`.
[INFO] [stdout]   = note: first definition in `panic_semihosting` loaded from /opt/rustwide/target/debug/deps/libpanic_semihosting-17106aec3a987273.rmeta
[INFO] [stdout]   = note: second definition in `panic_itm` loaded from /opt/rustwide/target/debug/deps/libpanic_itm-fd3fccb7da270ebd.rmeta
[INFO] [stdout] 
[INFO] [stdout] 
[INFO] [stdout] error[E0599]: no function or associated item named `now` found for struct `stm32f1xx_hal::time::Instant` in the current scope
[INFO] [stdout]   --> src/hw/poll_timer.rs:50:30
[INFO] [stdout]    |
[INFO] [stdout] 50 |         let start = Instant::now();
[INFO] [stdout]    |                              ^^^ function or associated item not found in `stm32f1xx_hal::time::Instant`
[INFO] [stdout] 
[INFO] [stdout] 
[INFO] [stdout] error: aborting due to 3 previous errors
[INFO] [stdout] 
[INFO] [stdout] 
[INFO] [stdout] Some errors have detailed explanations: E0432, E0599.
[INFO] [stdout] 
[INFO] [stdout] For more information about an error, try `rustc --explain E0432`.
[INFO] [stdout] 
[INFO] [stderr] error: could not compile `eziclean`.
[INFO] [stderr] 
[INFO] [stderr] To learn more, run the command again with --verbose.
[INFO] [stderr] warning: build failed, waiting for other jobs to finish...
[INFO] [stdout] error[E0599]: no function or associated item named `now` found for struct `stm32f1xx_hal::time::Instant` in the current scope
[INFO] [stdout]   --> src/hw/poll_timer.rs:50:30
[INFO] [stdout]    |
[INFO] [stdout] 50 |         let start = Instant::now();
[INFO] [stdout]    |                              ^^^ function or associated item not found in `stm32f1xx_hal::time::Instant`
[INFO] [stdout] 
[INFO] [stdout] 
[INFO] [stdout] error: aborting due to 4 previous errors
[INFO] [stdout] 
[INFO] [stdout] 
[INFO] [stdout] Some errors have detailed explanations: E0432, E0599.
[INFO] [stdout] 
[INFO] [stdout] For more information about an error, try `rustc --explain E0432`.
[INFO] [stdout] 
[INFO] [stderr] error: build failed
[INFO] running `Command { std: "docker" "inspect" "877e7d8adeca4e891fa2b6ca2d5da28e46d8b721dca7e61816313529f4a990f4", kill_on_drop: false }`
[INFO] running `Command { std: "docker" "rm" "-f" "877e7d8adeca4e891fa2b6ca2d5da28e46d8b721dca7e61816313529f4a990f4", kill_on_drop: false }`
[INFO] [stdout] 877e7d8adeca4e891fa2b6ca2d5da28e46d8b721dca7e61816313529f4a990f4
